 n be (3/(-2))/(594/(-396)). Give m(n).
57
Let m(f) = -9*f**2 + 3*f. Let g(i) = 4*i**2 - i. Let l(r) = -5*g(r) - 2*m(r). Suppose d - 7 = 5*x, 3*x + 2*d = 4*d. Calculate l(x).
-6
Let n(d) = d - 8. Suppose 0 = -5*c + 10. Let k be 66/18 + (-4)/6. Suppose k*i = -c*i. Calculate n(i).
-8
Let p(g) = -g**2 - 4*g. Let y(r) = r**3 + 2*r**2 - 3*r + 4. Let o be y(-4). Let n be -4*3*(-4)/o. What is p(n)?
3
Let m(l) = -l + l**2 - l + 15483 - 15482. Give m(1).
0
Let b(j) = -2*j - 4. Suppose -5*v + 16 + 6 = n, 4*n + 12 = 5*v. Determine b(n).
-8
Let x(l) = l**3 - l. Let z(o) = o**2 - 3*o + 1. Let h(f) = -f**3 + 9*f**2 + 13*f - 27. Let s be h(10). Let g be z(s). Give x(g).
0
Let q(k) = k**2 - 2*k + 5. Suppose b - 5 = -2*u + 2, -4*b = 2*u + 8. Suppose 48 = 6*g + u*g. Give q(g).
13
Let c(r) be the second derivative of 0*r**5 + r + 0*r**3 + 1/3*r**4 + 0*r**2 - 1/120*r**6 + 0. Let z(n) be the third derivative of c(n). Calculate z(-1).
6
Let g(s) = s - 4. Let i be g(6). Suppose 2*m + 24 = i*w, 5*m + 25 = -0. Let k be (8/w)/((-10)/(-35)). Let f(h) = h**2 - 2*h + 4. What is f(k)?
12
Let c(x) = -2*x - 6. Let r be c(-5). Suppose 16*t + r = 17*t. Let h(v) = v**2 - 3*v - 4. What is h(t)?
0
Let d(h) = h + 1. Let k(q) = -4*q - 21. Let g(j) = 5*d(j) + k(j). Give g(7).
-9
Let f(c) = c - 3. Suppose 0 = 4*a + 310 - 290. What is f(a)?
-8
Let u = -2 + 2. Let t(y) = 4*y**3 - 5*y**2 + 4*y - 4. Let j(n) = n**3 - n**2 + n. Let b(i) = 5*j(i) - t(i). Determine b(u).
4
Let v(n) = -5*n**2 + 11*n + 2. Let t(r) = r**2 - r - 1. Let x(c) = 4*t(c) + v(c). Let p = -63 - -68. What is x(p)?
8
Let k(t) = -13*t**2 + 45*t + 4. Let a(j) = 3*j**2 - 11*j - 1. Let b(x) = -9*a(x) - 2*k(x). Calculate b(8).
9
Let v(z) = z**3 + 4*z**2 - 5*z - 1. Let t = -23 + 45. Let i be 399/(-77) - (-4)/t. Calculate v(i).
-1
Let v(p) be the second derivative of -p**5/20 + 5*p**4/12 - 2*p**3/3 + p. Let d = -47 - -77. Let u = -26 + d. Give v(u).
0
Suppose -64 = b + 3*b. Let t be (124/b + 0)*-4. Let m(q) = 0*q - 7 - 38*q**2 - q**3 + t*q**2 - 8*q. Give m(-6).
5
Let h be 2/(5 + 9/(-2)). Let c(o) = -3*o**2 + 6*o - 1. Let k(p) = 16*p**2 - 31*p + 5. Let t(l) = -11*c(l) - 2*k(l). Determine t(h).
1
Suppose 0 = 1506*t - 1515*t - 9. Let a(h) = -7*h**2 - h + 2. Give a(t).
-4
Let i(y) = -5*y + 0*y**2 + y**2 - 6*y + 10 + 4 - 1. What is i(9)?
-5
Suppose -6*a + 9*a + 6 = 4*l, 0 = 2*a - 3*l + 3. Let k be 188/28 - (-4)/14. Let b(t) = -k - 2*t + 0 + 0. Give b(a).
5
Let k(t) = 157 - 3*t + 5*t**2 - 155 + 4*t**2 + 4*t**2 - 12*t**2. Suppose -4*f - 2 = 4*x - 18, 5*f = 5. Give k(x).
2
Suppose b = 5*a + 4, -6*a + 3*a = -4*b + 16. Suppose 4*c = 4*m + 6*c - b, 0 = -2*m - 4*c + 2. Let k(r) = 11*r**2. Give k(m).
11
Let z(v) be the third derivative of 1/6*v**3 + 0*v - 1/120*v**5 + 7/24*v**4 + 0 - 4*v**2. Let h(o) be the first derivative of z(o). Calculate h(5).
2
Let d(u) be the second derivative of -3/2*u**2 + 12*u - 1/6*u**3 + 0. What is d(0)?
-3
Let p(t) = -2*t - 9. Let r be p(-6). Let k(c) = -3*c - 201. Let z(o) = o + 121. Let a(v) = 3*k(v) + 5*z(v). Give a(r).
-10
Let x(u) = u - 4. Suppose 10 = n - 3*n, 12 = -l - n. Let v = l - 1. Let h(z) = -z - 3. Let j be h(v). Calculate x(j).
1
Let y(n) = n**3 - 20*n**2 + 19*n + 7. Suppose -14*q - 22*q = -684. Determine y(q).
7
Let n(l) = l**3 + 8*l**2 - 9*l + 11. Suppose -4309*x = -4305*x + 36. Give n(x).
11
Let l be -2 + -3 + 0 + 2. Let v(k) be the first derivative of k**3/3 - k**2/2 + k + 3879. Calculate v(l).
13
Let p(g) = 5*g**2 + 1. Let a(s) = 2*s - 31. Let y(n) = 2*n - 31. Let k(c) = -6*a(c) + 5*y(c). Let t be k(13). Suppose 6 = t*q + q. Determine p(q).
6
Let z(o) be the second derivative of o**5/20 + o**4/6 - 7*o**3/6 - 7*o**2/2 - 18*o + 5. Calculate z(-4).
-11
Let j(o) = -3*o + 9*o - 2*o. Calculate j(3).
12
Let y(j) = -2*j - 9. Let x = 7 - -46. Suppose -4*m + 3*m = 5, -4*d - x = 5*m. Give y(d).
5
Let d(a) = -a**3 - 5*a**2 - a - 5. Let x = -675 + 670. What is d(x)?
0
Let k(v) = -186*v**2 + 93*v**2 - 1 - 4*v + 94*v**2 - v. What is k(5)?
-1
Let l be 15/20*(1 - 170/(-30)). Let y(j) = -3*j + 31. What is y(l)?
16
Let c(p) = -p + 16. Let m be c(7). Let r(w) = 16*w - 17*w + 1 + 0 + m*w**2. Suppose 5 = 4*k + 1. What is r(k)?
9
Let r(j) = 8*j - 22*j + 15 + 10 - 2 - 5 + 14*j**2 + j**3. What is r(-15)?
3
Let l(a) be the second derivative of -a**3/6 - a**2 - 10*a. Suppose 0 = -4*k + 2*k + 8. Let o = k - -1. Give l(o).
-7
Let y = 258 - 260. Let k(o) = -9*o**2 - 6*o - 7. Let h(s) = -8*s**2 - 5*s - 6. Let n(x) = 6*h(x) - 5*k(x). Determine n(y).
-13
Let d(u) = -1075 + 541 + 540 - 5*u. What is d(-3)?
21
Let a(f) be the second derivative of 2/3*f**4 + 4/3*f**3 + 5/2*f**2 - 1/20*f**5 + 0 + 41*f. What is a(9)?
-4
Let v(o) = -2*o**2 + 5*o + 3. Let z be 1*7/((-35)/20). What is v(z)?
-49
Let h(l) = -8*l**3 - 2*l**2 + 1. Let f be h(-1). Let m(a) = a + 4 - f + 2 + 0*a. Give m(6).
5
Let m(d) = -2 + d**3 + 2 + 0*d + 4*d**2 + d + 2. Let i be m(-3). Let v(s) = -12 + i + s + 12. What is v(0)?
8
Let f(r) be the third derivative of 0*r + 0 - 1/30*r**5 - 1/2*r**3 + 1/12*r**4 - r**2. Let b be (-1)/(4/(-10)) + 5/(-10). Calculate f(b).
-7
Suppose -7*t - 2*m = -12*t - 5, 0 = -t + 5*m + 22. Let o be 0/(1/(-1)) - 0. Let k(u) = -2*u - u**2 + 1 - 2 + 5 + o. What is k(t)?
1
Suppose -5*q + 14 = 34. Let y(l) be the third derivative of -l**4/24 - 5*l**3/6 + 34*l**2. Calculate y(q).
-1
Suppose 0 = -v - 3 + 25. Suppose z + v = -2*y - 0, -2*y - 38 = 5*z. Let d(p) = -p**2 - 8*p + 12. Calculate d(y).
3
Let n(t) = -t**2 + t + 8. Let h(b) = b + 3. Let s(z) = 2*h(z) - n(z). Calculate s(-2).
0
Let l be 4/(80/548) - 2/5. Suppose -4*d + 7*d - l = 0. Let s(f) = -f**3 + 8*f**2 + 9*f + 6. Determine s(d).
6
Let q(w) = -7*w**2 - 10*w + 10. Let z(f) = 20*f**2 + 29*f - 29. Let v = -45 - -28. Let l(h) = v*q(h) - 6*z(h). Calculate l(-5).
-1
Let l(w) = -3*w**2 + 28*w - 11. Let o be l(9). Suppose 0 = -c - 2*f + 11 - 1, 4*f = c + 14. Let n(p) = 0*p + p - 2*p**c + p**2. Give n(o).
-6
Let j be (20/15)/(2/6). Let f(w) be the third derivative of -w**8/20160 + w**7/1008 - w**5/12 - w**2. Let t(r) be the third derivative of f(r). Determine t(j).
4
Suppose 0 = i - 0 - 4. Suppose 19 = -5*u + i. Let m(w) = -5*w**2 - 8*w + 5. Let l(v) = 9*v**2 + 15*v - 9. Let q(k) = -4*l(k) - 7*m(k). What is q(u)?
4
Let p(t) = -t**3 - 5*t**2 + 2*t + 5. Let u be p(-4). Let v(n) = -n**2 - 20*n - 12. Let z be v(u). Let s(c) = c - 9. Calculate s(z).
-2
Suppose 3*p - 2*p - 20 = -3*s, 3*p - 36 = -5*s. Let h(x) be the second derivative of 0 - 3*x - x**3 + 1/12*x**4 - 3*x**2. Calculate h(s).
-6
Let n(b) = 8 - 3*b**2 + b**3 + 0 - 4*b**2 - 4*b - 2*b**3. Suppose 0*l + 3*l = -18. Calculate n(l).
-4
Let s(l) be the first derivative of -l**5/20 - l**4/24 - 29*l**3/3 - 3. Let h(k) be the third derivative of s(k). Give h(-1).
5
Let t(v) = 4*v**2 - 1. Let b(i) = -i**2 - i + 11. Let d be b(3). Calculate t(d).
3
Let w = 128 - 92. Let s(t) = -3 + 17*t + 21*t + 9 - w*t. Determine s(-7).
-8
Let n(v) = -v**3 + 2*v**2 + 7*v + 5. Let q = 36 - 32. Let x be n(q). Let z(r) = 2*r**3 + r**2 - r. Determine z(x).
2
Let u(h) = h**2 - 9*h + 23. Let q be u(5). Suppose 3*t = -4*v + 28, t - 3*t + 21 = q*v. Let c(r) = r**2 - 9*r + 9. Calculate c(v).
-5
Let t(i) be the third derivative of i**6/120 + i**5/20 - i**4/4 - i**3/3 - 9*i**2 - 3*i. Calculate t(-4).
6
Let q(m) = m**2 + 6*m + 4. Let p be q(-4). Suppose -5*i + 25 = -12*f + 14*f, -3*f + 24 = 3*i. Let x(v) = i - 6*v + 4*v + 0*v - 7. Determine x(p).
4
Let s(q) be the second derivative of q**4/12 - q**3 - 3*q**2/2 + 139*q. Give s(4).
-11
Let y be 12 - 36/6 - 7. Let l(p) = 16*p + 1. Give l(y).
-15
Let q(b) = -3*b**3 - 9*b**2 + 19*b - 4. Let y(v) = 6*v**3 + 17*v**2 - 35*v + 7. Let j(n) = 11*q(n) + 6*y(n). Determine j(-2).
-12
Let l(t) = -t**3 - 10*t**2 - 3*t + 1. Let q(f) = f**3 + 9*f**2 + 2*f - 2. Let s(y) = 3*l(y) + 4*q(y). Let z = 24689 - 24695. Give s(z).
1
Let g be (-2)/(-9) + 2 - (-4)/(-18). Let x(i) = 3*i**3 - i + 12*i**2 - 13*i**g - 8 - 2*i**3 + 10*i**2. Determine x(-9).
1
Let x(u) be the first derivative of -u**2/2 + 8*u - 1. Suppose -35 = -3*o - 2*y, -8*o + 3*o - y + 49 = 0. What is x(o)?
-1
Let u = -12 + 10. Let r be (-6)/((-1)/2*3). Let w(z) = -2*z - 3 + 2 - r + 3. What is w(u)?
2
Let u(o) = -o**2 + 2. Let h(w) = 13*w + 197. Let k be h(-15). Calculate u(k).
-2
Let g(